atest common divisor of 3 and w?
3
Suppose -5*k + 570 = 2*v, -k - k + 2*v + 228 = 0. What is the greatest common factor of 19 and k?
19
Let d(s) = s**3 - s**2 + s + 14. Let k be d(0). Let r = 74 - k. Calculate the highest common divisor of 6 and r.
6
Let r(p) = p**3 + 10*p**2 - p - 11. Let d be r(-10). Let j be (-7 + (3 - 7))/d. What is the greatest common factor of 11 and j?
11
Let p be 6*-1*(-6)/(-4). Let o be (6/p)/(4/(-54)). Suppose s + o = l, 0*l - 4*l + 40 = -2*s. What is the highest common factor of 55 and l?
11
Let z(c) = c + 4. Let g be z(0). Suppose 0 = 3*a - 26 - g. Calculate the highest common factor of a and 90.
10
Let c = 424 + -270. Let f = 39 + -25. What is the highest common divisor of c and f?
14
Let u(i) = -i**3 + 8*i**2 + 11*i - 2. Let b be u(9). Let l(g) = g**3 - 4*g + 7. Let j be l(5). What is the highest common divisor of j and b?
16
Let i(o) = 5*o - 1. Let f be i(-1). Let d be 6 - -3*4/f. Suppose g + 0*g - 26 = -4*x, 5*x + d*g = 27. What is the highest common factor of x and 21?
7
Suppose -6*r = -1 - 95. Calculate the greatest common divisor of r and 40.
8
Let o(m) = m**3 + 5*m**2 - 1. Let g be o(-5). Let i be 1*(-1 + 30) - g. Let x be ((-216)/i)/(2/(-35)). What is the greatest common divisor of 18 and x?
18
Let x(p) = 3*p**2 + 2*p + 2. Let h be x(-2). Calculate the highest common factor of h and 10.
10
Let n = 31 - 7. Let x = 113 + -17. What is the highest common factor of n and x?
24
Suppose -6*r = 27 - 93. What is the greatest common factor of 121 and r?
11
Let d be 114/4*(-10)/(-3). Let r(x) = -2*x**2 + 31*x - 4. Let s be r(14). What is the highest common divisor of d and s?
19
Let f be (224/(-10))/(6/30). Let x be (-1*1)/(2/f). What is the greatest common divisor of 7 and x?
7
Suppose -4*d - 20 = d. Let k be (0 - (-6)/d)*-30. Let v be 4/(-14) + (-158)/(-14) + -2. Calculate the greatest common factor of v and k.
9
Suppose 7*q - 2*q = -2*j + 91, 4*q = 2*j - 46. Let r = j + -8. Calculate the highest common divisor of 25 and r.
25
Let x = -8 + 1. Let d be (-47)/x - 6/(-21). Let f(m) = m + 1. Let h be f(d). What is the greatest common factor of 20 and h?
4
Suppose -6*q + q = -h - 13, -q - 10 = 4*h. Let c = -1 - q. Let t be ((-70)/3 + 2)*c. What is the greatest common factor of 8 and t?
8
Let g(y) = -y + 2. Let p be g(-2). Let o be ((0 + 0)*1)/1. Let a = o + p. Calculate the highest common divisor of a and 44.
4
Let t(x) = 3*x + 6. Let y be t(2). What is the highest common factor of 18 and y?
6
Let k be 76/(-10) + (-4)/10. Let n be (27/(-12))/(3/k). Suppose 5*m - 3*x = 168, -156 = -n*m + 2*m - 3*x. Calculate the highest common factor of 12 and m.
12
Suppose -17*b = -12*b - 200. Calculate the greatest common divisor of b and 10.
10
Let r(f) = 2*f**2 - 4*f. Suppose -2*i = l - 4 - 3, 0 = 2*i - 2*l - 22. Let d = i + -3. Let k be r(d). What is the highest common divisor of k and 4?
2
Let d = -2 - -16. Let y(i) = -i**3 - 7*i**2 - 14*i - 6. Let v be y(-6). What is the greatest common factor of v and d?
14
Suppose -3*u = -11 + 26. Let x be 152/5 - (-2)/u. Let m be 2/(-7) - (-576)/56. Calculate the highest common factor of m and x.
10
Suppose 5*o - 680 = 2*w - 0*w, 0 = o + 3*w - 153. Let a be ((-9)/6)/(6/(-16)). Let h be (46/8)/(1/a). What is the highest common divisor of h and o?
23
Suppose -40 = -j - 5. Suppose -g + j = 4*g. Let y be (-7)/14 - (-113)/2. Calculate the greatest common divisor of y and g.
7
Suppose 0 = z - 4*z + 15. Suppose 2*m - 25 = p, -m - z*p = -13 - 5. Calculate the greatest common factor of 78 and m.
13
Let v(u) = u**2 - 2*u - 3. Let q = 8 - 10. Let g be (6/(-4))/((-1)/q). Let l be v(g). Calculate the greatest common factor of 30 and l.
6
Suppose 98 = q + q. Let a(x) = -x**3 + 8*x**2 + 2*x - 19. Let o be a(8). Let d be 3 - 4 - (-11 - o). What is the highest common divisor of d and q?
7
Let d(x) = 37*x - 5. Let j be d(2). What is the highest common divisor of 3 and j?
3
Suppose 3*l - 186 = -0*l - o, 3*l - 177 = 2*o. Suppose -5*b + n = -l, 4*b - 4*n - 53 = n. Calculate the greatest common factor of b and 8.
4
Let f(s) = s + 3. Let h be f(6). What is the greatest common divisor of 36 and h?
9
Let n(t) = t - 1. Let r be n(6). Let i be 72 + 2 - (2 - r). What is the greatest common divisor of i and 7?
7
Let v = 21 - -15. Calculate the greatest common divisor of v and 54.
18
Let j = 7 + -7. Suppose j = -3*m + 9 + 18. Calculate the highest common divisor of m and 99.
9
Suppose -i + 102 - 36 = 0. What is the highest common factor of i and 6?
6
Suppose 2*n - 11 = -7. What is the highest common factor of 8 and n?
2
Let v = 6 - -11. Calculate the highest common factor of v and 136.
17
Let f = -17 - -19. Calculate the highest common divisor of 3 and f.
1
Let t = 1 + 1. Suppose -20 = -2*i - 0*q + 3*q, q = t*i - 20. Let x(v) = 19*v - 1. Let d be x(i). Calculate the highest common factor of 21 and d.
21
Suppose 4*n - 2*x + 1 = -5*x, 0 = -5*n - x + 7. Let b(f) = -1 - 23*f + 94*f - 2 + 4. Let z be b(n). What is the highest common factor of 13 and z?
13
Let l(h) = h**2 + h + 6. Suppose -q - 18 = 2*q. Let t be l(q). Let y = 6 - 2. What is the highest common divisor of y and t?
4
Suppose -2*o + 24 = -2. Let d be 66/5 + (-2)/10. Calculate the greatest common factor of o and d.
13
Let s = 62 + -58. Let r = 1 + 2. Suppose 5*w = r*d - 123, 0*d - 2*d - 5*w = -57. Calculate the highest common divisor of s and d.
4
Let l(t) = -t**2 - 11*t + 10. Let q be l(-12). Let j(v) = v**2 - 7*v - 12. Let h be j(9). Let k = h + q. What is the greatest common factor of 2 and k?
2
Let l(s) = -4*s + s - 2 + 2. Let m be l(-3). Calculate the highest common divisor of m and 81.
9
Let o(h) = h**2 + h + 14. Let i be o(-10). Calculate the highest common divisor of i and 13.
13
Let j(h) = h**3 - 4*h**2 + 3*h + 4. Let z be j(3). Let y = -6 + z. Let l = 0 - y. Calculate the greatest common divisor of l and 2.
2
Let h = 10 + -7. Suppose 0 = -h*f + 45 + 21. What is the highest common factor of 33 and f?
11
Let i(u) = -u**2 - 9*u + 8. Let q be i(-8). Calculate the highest common divisor of 144 and q.
16
Let t = -5 + 10. Suppose 15 = 3*d, 74 = t*z - 2*z - 2*d. Suppose -a - 3*a = -4*p - 20, 8 = a - 4*p. What is the greatest common factor of a and z?
4
Let p = -32 + 37. What is the highest common divisor of p and 5?
5
Let a(l) = -l**3 - 15*l**2 - l + 4. Let c be a(-15). Calculate the greatest common factor of c and 57.
19
Suppose 0 = -3*q - 5*g + 61, -q + 5*g = 3*g - 35. What is the highest common divisor of 9 and q?
9
Let m(z) = 2*z - 4. Let h be ((-16)/6)/(4/(-6)). Let v be m(h). Suppose v*b + 0*b = 32. Calculate the highest common divisor of b and 12.
4
Suppose -5*y + 1085 = 2*g + 3*g, -2*g = 2. Let z = 339 - y. What is the highest common factor of 11 and z?
11
Suppose 0 = -w + 4*v - 9*v + 20, w - 11 = -2*v. Suppose -5*l + 0*y + 39 = y, 45 = 5*l - w*y. Calculate the greatest common divisor of 20 and l.
4
Let h be (-33)/(-5) - 2/(-5). Suppose 3*p - 3*i = 2*p + h, -5*p + 2*i + 9 = 0. What is the greatest common divisor of 5 and p?
1
Let m = -154 + 517. Suppose 4*b + 4*x = -b + 348, 5*b - x - m = 0. Let h(n) = 3*n**3 - 3*n**2. Let i be h(2). What is the greatest common factor of b and i?
12
Let l be (2/6)/(1/18). Let x be (-3 - (-20)/l)*21. What is the greatest common divisor of x and 63?
7
Suppose 0 = 3*p + p - 32. Calculate the highest common divisor of 2 and p.
2
Let b(t) = 3*t + 2. Let y(r) = -3*r + 11. Let a be y(11). Let l be a/(-6) + (-3)/(-9). Let x be b(l). Calculate the greatest common divisor of 126 and x.
14
Suppose -58 = -3*a - 2*l + 68, 5*a - 3*l - 210 = 0. What is the highest common divisor of 6 and a?
6
Let h(r) = r - 3. Let i be h(7). Let a be (i - -1) + (-2 - 0). Suppose -q + z = a*q - 393, 2*q + z = 201. What is the greatest common divisor of 11 and q?
11
Let b(q) = -11*q - 10. Let t be b(-3). What is the greatest common divisor of 69 and t?
23
Suppose -j + 165 = 4*j. Let m = 14 + -30. Let f be ((-22)/8)/(2/m). What is the highest common divisor of j and f?
11
Suppose 36 = -3*b + 3*c, 9 - 36 = 4*b + 3*c. Let o = b - 0. Let s = 0 - o. Calculate the highest common factor of 72 and s.
9
Let l be (1/2)/((-3)/12). Let n be (-3 - l*121) + 3. Suppose 3*k - n = k. Calculate the greatest common divisor of 11 and k.
11
Let f be (-8)/1*(-1 + 2). Suppose